 number?
False
Suppose -6*z = -3*z - 4*n, -4*z = -3*n. Is 1*(0 + z + 317) prime?
True
Let f(j) = 29*j - 5. Is f(3) a composite number?
True
Suppose 9 = 4*i + 1. Suppose z + 8 = 2*q - i*z, -2*q - 2*z + 8 = 0. Suppose 4*x + 8 = v - 11, q*x = -v + 59. Is v prime?
False
Suppose 2*z + 1099 = 5*r, r - z - 878 = -3*r. Is r a prime number?
False
Suppose -126 = -6*d + 3*d. Is (-106)/1*d/(-12) composite?
True
Suppose 69 = 4*u - 143. Is u composite?
False
Let z(w) = w**3 - 9*w**2 + 9*w - 5. Let t be z(8). Suppose -2*i + 3*q = -365, -t*i + 4*q + 191 = -358. Is i prime?
False
Let d be -8 + 7 + (-6)/(-2). Suppose -367 = d*u - 1073. Is u a composite number?
False
Suppose 5*p - 10 = 0, 2*p = -2*v + p + 696. Is v a prime number?
True
Suppose -h - 2*d + 317 = 0, 0 = 4*h + 6*d - d - 1253. Is h composite?
False
Suppose -278 = -3*x + 520. Let j = x - 177. Is j a composite number?
False
Let v(b) = 52*b - 7. Is v(8) prime?
True
Suppose -7*q + 3*q - 44 = 0. Let b = -6 - q. Suppose -b*v - 3*h + 21 = 0, 5*h = 2*v - 0 + 4. Is v a composite number?
False
Let z(r) = 1123*r**2 + 3*r - 5. Is z(2) a prime number?
True
Let o(d) = -d + 11. Let s be o(8). Suppose -s*k + 68 = -25. Is k composite?
False
Suppose g = 5*g - 1644. Is g a prime number?
False
Let l(w) = 41*w - 22. Is l(9) composite?
False
Let n(v) = 4*v - 7. Let r(u) = -3*u + 6. Let y(f) = -4*n(f) - 5*r(f). Let w be y(-4). Suppose 0*d + 1082 = w*d. Is d prime?
True
Let k be (44/10)/(2/10). Suppose 0*w = 2*w + 2*v + k, 2*v = 5*w + 20. Let m = w + 19. Is m a composite number?
False
Suppose -b + 1 + 3 = 5*d, -d = 0. Suppose 0*u = -b*u + 12. Suppose -2*m + 20 = 3*w, 24 = u*m - m + w. Is m a prime number?
True
Let t = 224 + -97. Is t a composite number?
False
Suppose -4*y + 1740 = -4808. Is y composite?
False
Suppose b - 192 - 659 = 0. Is b composite?
True
Suppose 0 = 5*s - 5*a - 8480, -5*s - 5*a + 8450 = -0*s. Is s composite?
False
Suppose -8*r = -273 - 479. Is r a composite number?
True
Let h be (-2)/(-1 + 3)*5. Is (h - -2)*20/(-6) a composite number?
True
Suppose 2*d = -3*g + 12, -5*d = -0*g + 3*g - 21. Is d/((-44)/47 + 1) a composite number?
False
Is 30/4 - 1/2 a prime number?
True
Suppose -6 = -2*s, 9888 = 3*x - 2*s - s. Is x a composite number?
False
Is 0 + (-5)/15 + 6248/6 composite?
True
Suppose 2*x - 172 - 186 = 0. Is x composite?
False
Suppose -920 = -9*t + 4*t. Suppose -g - g = t. Is (-2 + 1)*(g - -1) a prime number?
False
Let m(j) = -j**3 + j**2 - 1. Let a(d) = 7*d**3 - 2*d**2 + 2*d + 6. Let s(o) = -a(o) - 5*m(o). Let f = 20 + -22. Is s(f) a prime number?
True
Let j(i) = 5*i**3 - i**2 - 3*i - 2. Let s be j(3). Suppose q + 234 = 4*q. Let x = s - q. Is x a prime number?
True
Let w(h) = -41*h - 2. Let o be w(7). Let b = -32 - o. Is b composite?
False
Let a be 3/(-2)*2 + 7. Suppose -c - a*t = c - 402, 200 = c + 3*t. Is c composite?
True
Suppose -5*s - c + 571 = 125, s - 3*c = 86. Is s composite?
False
Suppose 1 = -b, -3*t - 2*b + 1183 = -0*b. Is t prime?
False
Let w = -25 + 37. Suppose w*x = 14*x - 2426. Is x prime?
True
Let y(s) = 27*s + 3. Is y(8) prime?
False
Let s(x) = 20*x**2 - 4*x - 1. Let o(q) = -q**2 + 7*q - 3. Let r be o(7). Is s(r) a prime number?
True
Suppose 0 = 2*l - 11 - 19. Suppose -c - 11 = -4*q, -5*q + 10 = c - l. Suppose -v = -c*v + 56. Is v a prime number?
False
Let g be (-2)/(2 + -3) + 0. Suppose 323 = g*s + 3*y, -3*s + 3*y = 2*y - 490. Is s prime?
True
Suppose 23 = 4*n - 9. Let f(c) = 4*c + 1. Is f(n) a composite number?
True
Let o(l) = l**2 + l - 2. Let j be o(3). Let h(g) = 7*g - 3*g - 13 + 5*g. Is h(j) composite?
True
Let z(a) = a**2 + 4*a - 6. Let n be z(-6). Let d = n + -4. Suppose d*v - 4*v + 38 = 0. Is v composite?
False
Suppose 6 = -5*q + 21. Suppose 6*y - q*y - 501 = 0. Is y a prime number?
True
Let t(q) = 4*q + 673. Is t(0) prime?
True
Suppose 0*d = d - 265. Suppose 0*k - k = -d. Is k a prime number?
False
Suppose -3*h + h + 150 = 2*d, 4*h - 4 = 0. Let c = d + -28. Is c a prime number?
False
Let i be (-1 + 153)*2/(-2). Suppose 5*g - 50 = -n - 0*n, -4*g - 2*n + 34 = 0. Let x = g - i. Is x composite?
False
Is 54 - 2/(3 + -1) a composite number?
False
Suppose 0 = -i - 108 + 597. Is i a prime number?
False
Let w be ((-16)/(-24))/((-1)/(-3)). Is 1*64 - (1 - w) composite?
True
Suppose -5*q - 7 = -6*q + 4*y, 4 = q - y. Suppose -s + 4 = 0, 5*k - q*k = 5*s + 42. Is k composite?
False
Suppose -4*f + 2*f + 154 = 0. Suppose -d + f = -0*d. Is d composite?
True
Let k be 6/(-4)*2 - -71. Let h = k + -48. Is 5/h - 195/(-4) a prime number?
False
Suppose 3*g + 0*g = 0. Let w = g + 4. Is (22/8)/(1/w) composite?
False
Suppose -791 = -3*d - 2*r, -6*d + 5*r = -d - 1310. Suppose -1799 = -4*j - d. Suppose j = 5*h - 431. Is h a composite number?
False
Let c = 681 + 1448. Is c a prime number?
True
Let j(t) = -2*t**3 - 5*t**2 + 14*t. Is j(-11) prime?
False
Suppose 3*g + 2*g - y - 1674 = 0, 0 = 3*g + 3*y - 1008. Is g a composite number?
True
Let o(m) = -m**3 + 6*m**2 - 2*m - 5. Suppose 5*y + 5*q - 45 = 0, -2*q = y - 5*q + 7. Is o(y) composite?
True
Let s(w) = -22*w**3 + 3*w**2 - 11*w - 19. Is s(-6) composite?
True
Let c = 2078 + 71. Is c prime?
False
Suppose 25 = 5*n, 0*q = 2*q - 3*n - 57. Suppose -2*v - 3*b + q = 12, 0 = -4*v - 2*b + 32. Is v composite?
True
Let g = 114 + -25. Is g prime?
True
Let q(u) = -u**3 + 14*u**2 - 9*u + 1. Is q(12) a prime number?
True
Suppose -3*u = 3*i + 9, -5*i = -i - 4*u - 4. Is -102*(-2)/(-4)*i a composite number?
True
Let l = 2 - -1. Suppose -3*j - l*m = -258, m - 5*m = -4*j + 352. Is j a composite number?
True
Let l = 146 + 191. Is l composite?
False
Suppose 3*k - 890 = 1813. Is k composite?
True
Suppose -o + 380 = n, 0 = -n - 2*n + 2*o + 1145. Suppose -2*d + c + 137 + n = 0, 0 = -4*d + 3*c + 1036. Is d a composite number?
True
Suppose 11*f - 4423 = 26124. Is f a composite number?
False
Suppose -9 = -3*a, -y + 2*y = 5*a + 236. Is y composite?
False
Suppose -5*n - 121 = -1056. Suppose i + 5*h = 85, 0*i + 3*i = 2*h + n. Is i a prime number?
False
Let o(i) be the second derivative of i**4/3 - i**3/2 + i**2/2 - i. Let d(w) = w**3 - 6*w**2 + 6*w - 3. Let v be d(5). Is o(v) composite?
False
Is 0 + (0 - 3) + 557 a composite number?
True
Let o be (-1)/(-3) + 1310/3. Let w = o + -258. Is w a composite number?
False
Let n(v) = -v**3 + 4*v**2 + 4*v + 2. Let d be n(5). Is -79*d/((-12)/(-4)) prime?
True
Suppose 0 = u - 5*g - 98, 0 = -2*u - 5*g + g + 154. Is u prime?
True
Let x = -68 - -525. Is x a composite number?
False
Let g = 14 + -8. Let q(h) = -h**2 + 7*h - 3. Let z be q(3). Is 177*(g/z)/2 prime?
True
Suppose 798 = -2*w + 8*w. Is w a prime number?
False
Let j(l) be the second derivative of 0 + 1/2*l**2 - 2*l + 5/3*l**3. Is j(2) a prime number?
False
Let k(l) = 40*l + 3. Is k(3) a composite number?
True
Let x(o) = -o**3 + 10*o**2 + 16*o + 3. Let c be x(11). Suppose z - 1347 = -3*b + c, 5*z - 2355 = -5*b. Is b a composite number?
False
Let t = -7 + 13. Let h = 10 - t. Suppose -x = h - 39. Is x a composite number?
True
Let m be (-314)/(-4) - 6/(-4). Let w = m - 54. Is w prime?
False
Suppose -3*x + 4 + 38 = 0. Let z = 39 - x. Is z a prime number?
False
Let n be 2/(-7) + (-498)/21. Let p be (2/(-4))/(2/n). Let m(a) = a**2 + a - 4. Is m(p) composite?
True
Suppose 4*d = -4*g - 12, 5*d + 4*g = 3*d - 10. Is 1/d + 190 + -2 prime?
False
Let z = 15 + -7. Let k = 17 - z. Suppose 39 + k = 5*y + l, 0 = -2*l + 6. Is y prime?
False
Let f = 13 + -10. Suppose -220 = f*d - 7*d. Is d a composite number?
True
Let b(p) be the third derivative of -p**5/60 - p**4/4 - p**3/2 + p**2. Let i be b(-2). Suppose t - 4*x = 17 + 2, -155 = -i*t + 5*x. Is t prime?
False
Let v(c) = 10*c**2 + 3*c + 8. Let u be v(6). Suppose -2*r + 1526 = 2*r - w, -2*w + u = r. Is r composite?
True
Suppose 6*z - 5*z = -4, 4*u - 20 = 3*z. Suppose -u*s = 2*s. Suppose 3*a - 2*h - 71 = 0, 4*a + 5*h = -s*a + 64. Is a prime?
False
Suppose -3*k = -4*k. Suppose -a + k*a + 62 = 0. Is 1/(0 - (-2)/a) composite?
False
Suppose 3*p - c - 9 - 8 = 0, -3*p - 4*c - 8 = 0. Let h(v) = v - 3. Let j be h(2). Is (2/j)/((-2)/p) prime?
False
Suppose 13*l - 1557 - 7712 = 0. Is l a prime number?
False
Let a(t) = 290*t + 3. Is a(1) prime?
True
Let i = 14 - 14. Suppose i*v + 4*t + 102 = 2*v, -2*t = 5*v - 255. Is v composite?
True
Let u(b) = -3*b**3 + 6*b**2 - 7*b + 5.